{"id":222,"date":"2021-04-12T07:58:25","date_gmt":"2021-04-12T07:58:25","guid":{"rendered":"https:\/\/sesiondiscontinua.com\/?page_id=222"},"modified":"2021-04-12T08:17:41","modified_gmt":"2021-04-12T08:17:41","slug":"aviso-legal","status":"publish","type":"page","link":"https:\/\/sesiondiscontinua.com\/?page_id=222","title":{"rendered":"Aviso Legal"},"content":{"rendered":"<section>\n<h2>AVISO LEGAL<\/h2>\n<\/section>\n<section>El presente aviso legal recoge las condiciones generales que rigen el acceso y el uso del sitio web <a href=\"https:\/\/sesiondiscontinua.com\">https:\/\/sesiondiscontinua.com<\/a> (en adelante, el <em>\u201cSitio Web\u201d<\/em>) .<\/p>\n<p>El uso del sitio web implica la expresa y plena aceptaci\u00f3n de estas condiciones generales en la versi\u00f3n publicada en el momento en que el usuario acceda al mismo, sin perjuicio de las condiciones particulares que pudieran aplicarse a algunos de los servicios concretos del sitio web.<\/p>\n<\/section>\n<section>PROPIEDAD INTELECTUAL E INDUSTRIAL SOBRE LOS CONTENIDOS DE LA P\u00c1GINA<\/p>\n<p>Todos los elementos que forman el sitio web, as\u00ed como la estructura, dise\u00f1o y c\u00f3digo fuente de la misma, son titularidad de Sesi\u00f3n Discontinua y est\u00e1n protegidos por la normativa de propiedad intelectual e industrial. En cualquier caso, Sesi\u00f3n Discontinua&nbsp; dispone de la correspondiente autorizaci\u00f3n para dar el uso que crea conveniente a sus contenidos.<\/p>\n<p>No se podr\u00e1n realizar actos de reproducci\u00f3n, modificaci\u00f3n, distribuci\u00f3n o comunicaci\u00f3n p\u00fablica del sitio web o alguno de sus elementos sin el previo consentimiento por escrito de Sesi\u00f3n Discontinua. Los usuarios del sitio web \u00fanicamente podr\u00e1n realizar un uso privado y personal de los contenidos de \u00e9ste. Est\u00e1 absolutamente prohibido, el uso del sitio web o de alguno de sus elementos con fines comerciales o il\u00edcitos.<\/p>\n<p>Sesi\u00f3n Discontinua no asumir\u00e1 ninguna responsabilidad derivada del uso por terceros del contenido del sitio web y podr\u00e1 ejercitar todas las acciones civiles o penales que le correspondan en caso de infracci\u00f3n de estos derechos por parte del usuario.<\/p>\n<\/section>\n<section>PROTECCI\u00d3N DE DATOS DE CAR\u00c1CTER PERSONAL<\/p>\n<p>Si el usuario lo acepta, el Sitio Web instalar\u00e1 cookies en su navegador. Para m\u00e1s informaci\u00f3n sobre las cookies que usa Sesi\u00f3n Discontinua, as\u00ed como las finalidades de estas, y las entidades titulares de las herramientas, puede consultar nuestra Pol\u00edtica de Cookies (<a href=\"https:\/\/sesiondiscontinua.com\/?page_id=227\">https:\/\/sesiondiscontinua.com\/?page_id=227<\/a>).<\/p>\n<p>Con el fin de mejorar las prestaciones del sitio web, Sesi\u00f3n Discontinua se reserva el derecho, en cualquier momento y sin previa notificaci\u00f3n al usuario, a modificar ampliar o suspender temporalmente la presentaci\u00f3n, configuraci\u00f3n, especificaciones t\u00e9cnicas y servicios del sitio web, de forma unilateral.<\/p>\n<p>Asimismo se reserva el derecho de modificar en cualquier momento las presentes condiciones de uso as\u00ed como cualesquiera otras condiciones particulares.*<\/p>\n<h4>Exclusi\u00f3n de responsabilidad<\/h4>\n<p>Sesi\u00f3n Discontinua no se responsabiliza de los eventuales errores tipogr\u00e1ficos, formales o num\u00e9ricos que pueda contener el sitio web, ni de la exactitud de la informaci\u00f3n contenida en \u00e9l.<\/p>\n<\/section>\n<section>HIPERENLACES<\/p>\n<p>Los hiperenlaces contenidos en el sitio web de Sesi\u00f3n Discontinua pueden dirigir a p\u00e1ginas web de terceros. Sesi\u00f3n Discontinua no asume ninguna responsabilidad por el contenido, informaciones o servicios que pudieran aparecer en dichos sitios, que tendr\u00e1n exclusivamente car\u00e1cter informativo y que en ning\u00fan caso implican relaci\u00f3n alguna entre Sesi\u00f3n Discontinua y a las personas o entidades titulares de tales contenidos o titulares de los sitios donde se encuentren.<\/p>\n<\/section>\n","protected":false},"excerpt":{"rendered":"<p>AVISO LEGAL El presente aviso legal recoge las condiciones generales que rigen el acceso y el uso del sitio web https:\/\/sesiondiscontinua.com (en adelante, el \u201cSitio Web\u201d) . El uso del sitio web implica la expresa y plena aceptaci\u00f3n de estas condiciones generales en la versi\u00f3n publicada en el momento en que el usuario acceda al &hellip;<br \/><a href=\"https:\/\/sesiondiscontinua.com\/?page_id=222\" class=\"more-link pen_button pen_element_default pen_icon_arrow_double\">Seguir leyendo <span class=\"screen-reader-text\">Aviso Legal<\/span><\/a><\/p>\n","protected":false},"author":2,"featured_media":0,"parent":0,"menu_order":0,"comment_status":"closed","ping_status":"closed","template":"","meta":[],"yoast_head":"<!-- This site is optimized with the Yoast SEO plugin v18.4.1 - https:\/\/yoast.com\/wordpress\/plugins\/seo\/ -->\n<title>Aviso Legal -<\/title>\n<meta name=\"robots\" content=\"index, follow, max-snippet:-1, max-image-preview:large, max-video-preview:-1\" \/>\n<link rel=\"canonical\" href=\"https:\/\/sesiondiscontinua.com\/?page_id=222\" \/>\n<meta property=\"og:locale\" content=\"es_ES\" \/>\n<meta property=\"og:type\" content=\"article\" \/>\n<meta property=\"og:title\" content=\"Aviso Legal -\" \/>\n<meta property=\"og:description\" content=\"AVISO LEGAL El presente aviso legal recoge las condiciones generales que rigen el acceso y el uso del sitio web https:\/\/sesiondiscontinua.com (en adelante, el \u201cSitio Web\u201d) . El uso del sitio web implica la expresa y plena aceptaci\u00f3n de estas condiciones generales en la versi\u00f3n publicada en el momento en que el usuario acceda al &hellip;Seguir leyendo Aviso Legal\" \/>\n<meta property=\"og:url\" content=\"https:\/\/sesiondiscontinua.com\/?page_id=222\" \/>\n<meta property=\"article:modified_time\" content=\"2021-04-12T08:17:41+00:00\" \/>\n<meta name=\"twitter:card\" content=\"summary_large_image\" \/>\n<meta name=\"twitter:site\" content=\"@SDiscontinua\" \/>\n<meta name=\"twitter:label1\" content=\"Tiempo de lectura\" \/>\n\t<meta name=\"twitter:data1\" content=\"3 minutos\" \/>\n<script type=\"application\/ld+json\" class=\"yoast-schema-graph\">{\"@context\":\"https:\/\/schema.org\",\"@graph\":[{\"@type\":\"Organization\",\"@id\":\"https:\/\/sesiondiscontinua.com\/#organization\",\"name\":\"Sesi\u00f3n Discontinua\",\"url\":\"https:\/\/sesiondiscontinua.com\/\",\"sameAs\":[\"https:\/\/www.instagram.com\/sesiondiscontinua\/\",\"https:\/\/www.youtube.com\/channel\/UCTmfy_Jo107fio8v5msSp8A\",\"https:\/\/twitter.com\/SDiscontinua\"],\"logo\":{\"@type\":\"ImageObject\",\"@id\":\"https:\/\/sesiondiscontinua.com\/#logo\",\"inLanguage\":\"es\",\"url\":\"https:\/\/sesiondiscontinua.com\/wp-content\/uploads\/2021\/02\/cropped-sesion-discontinua-nuevo-logo-color.png\",\"contentUrl\":\"https:\/\/sesiondiscontinua.com\/wp-content\/uploads\/2021\/02\/cropped-sesion-discontinua-nuevo-logo-color.png\",\"width\":1920,\"height\":1081,\"caption\":\"Sesi\u00f3n Discontinua\"},\"image\":{\"@id\":\"https:\/\/sesiondiscontinua.com\/#logo\"}},{\"@type\":\"WebSite\",\"@id\":\"https:\/\/sesiondiscontinua.com\/#website\",\"url\":\"https:\/\/sesiondiscontinua.com\/\",\"name\":\"Sesi\u00f3n Discontinua\",\"description\":\"Cine, series, curiosidades y todo lo relacionado con el medio audiovisual.\",\"publisher\":{\"@id\":\"https:\/\/sesiondiscontinua.com\/#organization\"},\"potentialAction\":[{\"@type\":\"SearchAction\",\"target\":{\"@type\":\"EntryPoint\",\"urlTemplate\":\"https:\/\/sesiondiscontinua.com\/?s={search_term_string}\"},\"query-input\":\"required name=search_term_string\"}],\"inLanguage\":\"es\"},{\"@type\":\"WebPage\",\"@id\":\"https:\/\/sesiondiscontinua.com\/?page_id=222#webpage\",\"url\":\"https:\/\/sesiondiscontinua.com\/?page_id=222\",\"name\":\"Aviso Legal -\",\"isPartOf\":{\"@id\":\"https:\/\/sesiondiscontinua.com\/#website\"},\"datePublished\":\"2021-04-12T07:58:25+00:00\",\"dateModified\":\"2021-04-12T08:17:41+00:00\",\"breadcrumb\":{\"@id\":\"https:\/\/sesiondiscontinua.com\/?page_id=222#breadcrumb\"},\"inLanguage\":\"es\",\"potentialAction\":[{\"@type\":\"ReadAction\",\"target\":[\"https:\/\/sesiondiscontinua.com\/?page_id=222\"]}]},{\"@type\":\"BreadcrumbList\",\"@id\":\"https:\/\/sesiondiscontinua.com\/?page_id=222#breadcrumb\",\"itemListElement\":[{\"@type\":\"ListItem\",\"position\":1,\"name\":\"Portada\",\"item\":\"https:\/\/sesiondiscontinua.com\/\"},{\"@type\":\"ListItem\",\"position\":2,\"name\":\"Aviso Legal\"}]}]}<\/script>\n<!-- \/ Yoast SEO plugin. -->","yoast_head_json":{"title":"Aviso Legal -","robots":{"index":"index","follow":"follow","max-snippet":"max-snippet:-1","max-image-preview":"max-image-preview:large","max-video-preview":"max-video-preview:-1"},"canonical":"https:\/\/sesiondiscontinua.com\/?page_id=222","og_locale":"es_ES","og_type":"article","og_title":"Aviso Legal -","og_description":"AVISO LEGAL El presente aviso legal recoge las condiciones generales que rigen el acceso y el uso del sitio web https:\/\/sesiondiscontinua.com (en adelante, el \u201cSitio Web\u201d) . El uso del sitio web implica la expresa y plena aceptaci\u00f3n de estas condiciones generales en la versi\u00f3n publicada en el momento en que el usuario acceda al &hellip;Seguir leyendo Aviso Legal","og_url":"https:\/\/sesiondiscontinua.com\/?page_id=222","article_modified_time":"2021-04-12T08:17:41+00:00","twitter_card":"summary_large_image","twitter_site":"@SDiscontinua","twitter_misc":{"Tiempo de lectura":"3 minutos"},"schema":{"@context":"https:\/\/schema.org","@graph":[{"@type":"Organization","@id":"https:\/\/sesiondiscontinua.com\/#organization","name":"Sesi\u00f3n Discontinua","url":"https:\/\/sesiondiscontinua.com\/","sameAs":["https:\/\/www.instagram.com\/sesiondiscontinua\/","https:\/\/www.youtube.com\/channel\/UCTmfy_Jo107fio8v5msSp8A","https:\/\/twitter.com\/SDiscontinua"],"logo":{"@type":"ImageObject","@id":"https:\/\/sesiondiscontinua.com\/#logo","inLanguage":"es","url":"https:\/\/sesiondiscontinua.com\/wp-content\/uploads\/2021\/02\/cropped-sesion-discontinua-nuevo-logo-color.png","contentUrl":"https:\/\/sesiondiscontinua.com\/wp-content\/uploads\/2021\/02\/cropped-sesion-discontinua-nuevo-logo-color.png","width":1920,"height":1081,"caption":"Sesi\u00f3n Discontinua"},"image":{"@id":"https:\/\/sesiondiscontinua.com\/#logo"}},{"@type":"WebSite","@id":"https:\/\/sesiondiscontinua.com\/#website","url":"https:\/\/sesiondiscontinua.com\/","name":"Sesi\u00f3n Discontinua","description":"Cine, series, curiosidades y todo lo relacionado con el medio audiovisual.","publisher":{"@id":"https:\/\/sesiondiscontinua.com\/#organization"},"potentialAction":[{"@type":"SearchAction","target":{"@type":"EntryPoint","urlTemplate":"https:\/\/sesiondiscontinua.com\/?s={search_term_string}"},"query-input":"required name=search_term_string"}],"inLanguage":"es"},{"@type":"WebPage","@id":"https:\/\/sesiondiscontinua.com\/?page_id=222#webpage","url":"https:\/\/sesiondiscontinua.com\/?page_id=222","name":"Aviso Legal -","isPartOf":{"@id":"https:\/\/sesiondiscontinua.com\/#website"},"datePublished":"2021-04-12T07:58:25+00:00","dateModified":"2021-04-12T08:17:41+00:00","breadcrumb":{"@id":"https:\/\/sesiondiscontinua.com\/?page_id=222#breadcrumb"},"inLanguage":"es","potentialAction":[{"@type":"ReadAction","target":["https:\/\/sesiondiscontinua.com\/?page_id=222"]}]},{"@type":"BreadcrumbList","@id":"https:\/\/sesiondiscontinua.com\/?page_id=222#breadcrumb","itemListElement":[{"@type":"ListItem","position":1,"name":"Portada","item":"https:\/\/sesiondiscontinua.com\/"},{"@type":"ListItem","position":2,"name":"Aviso Legal"}]}]}},"_links":{"self":[{"href":"https:\/\/sesiondiscontinua.com\/index.php?rest_route=\/wp\/v2\/pages\/222"}],"collection":[{"href":"https:\/\/sesiondiscontinua.com\/index.php?rest_route=\/wp\/v2\/pages"}],"about":[{"href":"https:\/\/sesiondiscontinua.com\/index.php?rest_route=\/wp\/v2\/types\/page"}],"author":[{"embeddable":true,"href":"https:\/\/sesiondiscontinua.com\/index.php?rest_route=\/wp\/v2\/users\/2"}],"replies":[{"embeddable":true,"href":"https:\/\/sesiondiscontinua.com\/index.php?rest_route=%2Fwp%2Fv2%2Fcomments&post=222"}],"version-history":[{"count":8,"href":"https:\/\/sesiondiscontinua.com\/index.php?rest_route=\/wp\/v2\/pages\/222\/revisions"}],"predecessor-version":[{"id":236,"href":"https:\/\/sesiondiscontinua.com\/index.php?rest_route=\/wp\/v2\/pages\/222\/revisions\/236"}],"wp:attachment":[{"href":"https:\/\/sesiondiscontinua.com\/index.php?rest_route=%2Fwp%2Fv2%2Fmedia&parent=222"}],"curies":[{"name":"wp","href":"https:\/\/api.w.org\/{rel}","templated":true}]}}